 the remainder when 20176 is divided by 1013?
929
What is the remainder when 1214 is divided by 826?
388
What is the remainder when 2546 is divided by 30?
26
Calculate the remainder when 7238 is divided by 258.
14
What is the remainder when 21236 is divided by 99?
50
What is the remainder when 3768 is divided by 437?
272
What is the remainder when 2435 is divided by 9?
5
What is the remainder when 202613 is divided by 119?
75
Calculate the remainder when 154041 is divided by 2232.
33
What is the remainder when 193806 is divided by 11400?
6
Calculate the remainder when 5705 is divided by 250.
205
Calculate the remainder when 24950 is divided by 128.
118
What is the remainder when 7805 is divided by 14?
7
What is the remainder when 14004 is divided by 4657?
33
Calculate the remainder when 9326 is divided by 2309.
90
What is the remainder when 5680 is divided by 196?
192
What is the remainder when 112137 is divided by 112134?
3
What is the remainder when 6597 is divided by 276?
249
What is the remainder when 66575 is divided by 4158?
47
What is the remainder when 15603 is divided by 422?
411
What is the remainder when 508946 is divided by 585?
581
Calculate the remainder when 2728 is divided by 2716.
12
What is the remainder when 12535 is divided by 60?
55
Calculate the remainder when 1331820 is divided by 13.
9
Calculate the remainder when 4242 is divided by 203.
182
What is the remainder when 32052 is divided by 641?
2
Calculate the remainder when 1042695 is divided by 50.
45
Calculate the remainder when 39856 is divided by 338.
310
Calculate the remainder when 423 is divided by 66.
27
What is the remainder when 8042 is divided by 1148?
6
What is the remainder when 45387 is divided by 283?
107
What is the remainder when 1593 is divided by 30?
3
Calculate the remainder when 11244 is divided by 14.
2
What is the remainder when 54205 is divided by 18062?
19
What is the remainder when 16202 is divided by 15?
2
What is the remainder when 8760319 is divided by 8?
7
Calculate the remainder when 122294 is divided by 647.
11
What is the remainder when 1978 is divided by 303?
160
Calculate the remainder when 4277771 is divided by 54.
53
What is the remainder when 32337 is divided by 28?
25
Calculate the remainder when 113644 is divided by 31.
29
What is the remainder when 65843 is divided by 124?
123
Calculate the remainder when 101 is divided by 33.
2
Calculate the remainder when 6771 is divided by 1671.
87
What is the remainder when 282554 is divided by 1766?
1760
What is the remainder when 945743 is divided by 646?
645
Calculate the remainder when 2681368 is divided by 679.
676
What is the remainder when 10317 is divided by 133?
76
What is the remainder when 2066 is divided by 969?
128
What is the remainder when 22297 is divided by 22?
11
Calculate the remainder when 15502 is divided by 749.
522
Calculate the remainder when 663 is divided by 345.
318
What is the remainder when 3122 is divided by 788?
758
Calculate the remainder when 150969 is divided by 92.
89
What is the remainder when 450726 is divided by 121?
1
Calculate the remainder when 36003 is divided by 2.
1
What is the remainder when 47053 is divided by 31?
26
Calculate the remainder when 802 is divided by 266.
4
What is the remainder when 9996 is divided by 80?
76
Calculate the remainder when 1606 is divided by 528.
22
What is the remainder when 2180 is divided by 653?
221
What is the remainder when 4964 is divided by 4848?
116
Calculate the remainder when 49600 is divided by 27.
1
Calculate the remainder when 16453 is divided by 48.
37
What is the remainder when 394453 is divided by 605?
598
What is the remainder when 85435 is divided by 12?
7
What is the remainder when 59165 is divided by 75?
65
What is the remainder when 98818 is divided by 9881?
8
Calculate the remainder when 143183 is divided by 157.
156
Calculate the remainder when 1155121 is divided by 52.
45
Calculate the remainder when 9883 is divided by 31.
25
What is the remainder when 549571 is divided by 218?
211
What is the remainder when 18715 is divided by 20?
15
What is the remainder when 34050 is divided by 1308?
42
Calculate the remainder when 14188 is divided by 156.
148
Calculate the remainder when 3308169 is divided by 15.
9
What is the remainder when 75738 is divided by 1847?
11
Calculate the remainder when 1833 is divided by 263.
255
What is the remainder when 71421 is divided by 48?
45
Calculate the remainder when 4466 is divided by 1116.
2
What is the remainder when 6185 is divided by 1230?
35
Calculate the remainder when 2157 is divided by 595.
372
Calculate the remainder when 29845 is divided by 74.
23
Calculate the remainder when 2188379 is divided by 14.
11
What is the remainder when 12109 is divided by 7?
6
Calculate the remainder when 9028 is divided by 48.
4
Calculate the remainder when 28026 is divided by 2802.
6
What is the remainder when 7699 is divided by 2528?
115
What is the remainder when 3393 is divided by 1130?
3
What is the remainder when 5092 is divided by 41?
8
What is the remainder when 433487 is divided by 1412?
3
Calculate the remainder when 1757 is divided by 239.
84
What is the remainder when 4461 is divided by 624?
93
What is the remainder when 3065 is divided by 507?
23
What is the remainder when 3511 is divided by 327?
241
Calculate the remainder when 17405 is divided by 8683.
39
What is the remainder when 794238 is divided by 1460?
1458
What is the remainder when 103255 is divided by 36?
7
What is the remainder when 426345 is divided by 25?
20
What is the remainder when 20201 is divided by 19939?
262
Calculate the remainder when 26516 is divided by 213.
104
What is the remainder when 51685 is divided by 245?
235
Calculate the remainder when 569372 is divided by 40669.
6
What is the remainder when 242821 is divided by 93?
91
Calculate the remainder when 2264 is divided by 1579.
685
What is the remainder when 865596 is divided by 171?
165
What is the remainder when 14362 is divided by 905?
787
What is the remainder when 595 is divided by 413?
182
Calculate the remainder when 193901 is divided by 38775.
26
What is the remainder when 979953 is divided by 549?
537
Calculate the remainder when 15769 is divided by 7841.
87
Calculate the remainder when 340250 is divided by 14.
8
Calculate the remainder when 488250 is divided by 30.
0
What is the remainder when 29870 is divided by 249?
239
What is the remainder when 195315 is divided by 20?
15
Calculate the remainder when 44503 is divided by 578.
575
Calculate the remainder when 18478 is divided by 870.
208
What is the remainder when 3841 is divided by 150?
91
Calculate the remainder when 64139 is divided by 7124.
23
Calculate the remainder when 178587 is divided by 289.
274
Calculate the remainder when 170091 is divided by 35.
26
Calculate the remainder when 1377 is divided by 949.
428
What is the remainder when 4666 is divided by 1538?
52
What is the remainder when 112942 is divided by 156?
154
Calculate the remainder when 8827 is divided by 215.
12
What is the remainder when 568 is divided by 556?
12
What is the remainder when 116872 is divided by 275?
272
Calculate the remainder when 3926 is divided by 8.
6
Calculate the remainder when 63173 is divided by 369.
74
What is the remainder when 77350 is divided by 6445?
10
What is the remainder when 3684 is divided by 7?
2
Calculate the remainder when 69153 is divided by 118.
5
Calculate the remainder when 752044 is divided by 16.
12
Calculate the remainder when 2076 is divided by 711.
654
What is the remainder when 3680 is divided by 729?
35
What is the remainder when 1523 is divided by 759?
5
Calculate the remainder when 2477 is divided by 801.
74
What is the remainder when 3851 is divided by 770?
1
What is the remainder when 25589 is divided by 5069?
244
Calculate the remainder when 201654 is divided by 14.
12
What is the remainder when 2107 is divided by 57?
55
Calculate the remainder when 1209 is divided by 51.
36
Calculate the remainder when 20585 is divided by 368.
345
Calculate the remainder when 630888 is divided by 50.
38
Calculate the remainder when 626174 is divided by 6733.
5
Calculate the remainder when 17617 is divided by 8796.
25
What is the remainder when 16470 is divided by 